ands digit of 604847?
0
What is the units digit of 355352?
2
What is the units digit of 6016047?
7
What is the ten thousands digit of 23911798?
1
What is the ten thousands digit of 1050126?
5
What is the millions digit of 7938542?
7
What is the ten thousands digit of 330712?
3
What is the hundreds digit of 1964317?
3
What is the hundred thousands digit of 2944859?
9
What is the hundreds digit of 699629?
6
What is the hundred thousands digit of 664271?
6
What is the ten millions digit of 23444919?
2
What is the hundreds digit of 85264?
2
What is the hundred thousands digit of 33379190?
3
What is the millions digit of 6692077?
6
What is the thousands digit of 7734?
7
What is the hundred thousands digit of 326628?
3
What is the tens digit of 153457?
5
What is the hundreds digit of 45722?
7
What is the units digit of 3730044?
4
What is the units digit of 160645?
5
What is the thousands digit of 421325?
1
What is the units digit of 351089?
9
What is the units digit of 1475110?
0
What is the hundreds digit of 4031681?
6
What is the thousands digit of 269979?
9
What is the hundred thousands digit of 8512823?
5
What is the millions digit of 4034519?
4
What is the hundred thousands digit of 125838?
1
What is the units digit of 1889890?
0
What is the tens digit of 447492?
9
What is the units digit of 494074?
4
What is the hundreds digit of 2379377?
3
What is the tens digit of 210679?
7
What is the ten thousands digit of 109922?
0
What is the ten millions digit of 15138383?
1
What is the ten thousands digit of 27850580?
5
What is the units digit of 355704?
4
What is the hundreds digit of 190228?
2
What is the thousands digit of 45456?
5
What is the thousands digit of 7563593?
3
What is the units digit of 685105?
5
What is the hundreds digit of 17384472?
4
What is the thousands digit of 581853?
1
What is the thousands digit of 1676562?
6
What is the ten millions digit of 25220641?
2
What is the thousands digit of 480106?
0
What is the hundreds digit of 513247?
2
What is the millions digit of 2123740?
2
What is the hundreds digit of 52668?
6
What is the tens digit of 283895?
9
What is the units digit of 30062?
2
What is the hundreds digit of 6864320?
3
What is the tens digit of 145425?
2
What is the hundreds digit of 299471?
4
What is the thousands digit of 5420?
5
What is the hundred thousands digit of 567199?
5
What is the units digit of 3046885?
5
What is the ten thousands digit of 1382931?
8
What is the units digit of 1559073?
3
What is the ten thousands digit of 1197821?
9
What is the millions digit of 5786252?
5
What is the ten thousands digit of 833841?
3
What is the tens digit of 51011?
1
What is the hundreds digit of 424445?
4
What is the hundred thousands digit of 150716?
1
What is the thousands digit of 877557?
7
What is the hundreds digit of 380159?
1
What is the tens digit of 60089?
8
What is the hundred thousands digit of 1095332?
0
What is the hundreds digit of 598433?
4
What is the hundreds digit of 4766080?
0
What is the millions digit of 6896043?
6
What is the hundred thousands digit of 1807693?
8
What is the units digit of 453661?
1
What is the ten thousands digit of 14546?
1
What is the units digit of 10162285?
5
What is the tens digit of 453546?
4
What is the millions digit of 1072368?
1
What is the ten thousands digit of 105236?
0
What is the hundred thousands digit of 183872?
1
What is the hundred thousands digit of 181563?
1
What is the thousands digit of 193806?
3
What is the units digit of 4425263?
3
What is the tens digit of 1568017?
1
What is the tens digit of 498392?
9
What is the ten thousands digit of 159890?
5
What is the hundreds digit of 705701?
7
What is the thousands digit of 13396740?
6
What is the ten thousands digit of 5689352?
8
What is the units digit of 25812540?
0
What is the millions digit of 1378825?
1
What is the hundreds digit of 456836?
8
What is the ten millions digit of 15524366?
1
What is the millions digit of 2782752?
2
What is the hundreds digit of 250627?
6
What is the units digit of 1395363?
3
What is the units digit of 3507444?
4
What is the ten thousands digit of 903060?
0
What is the hundreds digit of 1005381?
3
What is the hundreds digit of 362023?
0
What is the thousands digit of 187370?
7
What is the units digit of 3769904?
4
What is the millions digit of 33325239?
3
What is the tens digit of 844113?
1
What is the tens digit of 8854026?
2
What is the ten thousands digit of 411170?
1
What is the ten millions digit of 13947933?
1
What is the thousands digit of 28321835?
1
What is the tens digit of 874710?
1
What is the hundreds digit of 1691355?
3
What is the tens digit of 77717?
1
What is the hundred thousands digit of 249303?
2
What is the units digit of 1943302?
2
What is the hundreds digit of 857368?
3
What is the tens digit of 14326063?
6
What is the hundreds digit of 833691?
6
What is the ten thousands digit of 223715?
2
What is the thousands digit of 4033227?
3
What is the ten thousands digit of 148028?
4
What is the thousands digit of 22576?
2
What is the hundred thousands digit of 485659?
4
What is the hundred thousands digit of 984124?
9
What is the ten thousands digit of 3332931?
3
What is the millions digit of 2193365?
2
What is the units digit of 281365?
5
What is the millions digit of 2019331?
2
What is the ten thousands digit of 9797880?
9
What is the thousands digit of 28956?
8
What is the ten thousands digit of 17744593?
4
What is the hundred thousands digit of 2893316?
8
What is the tens digit of 632563?
6
What is the tens digit of 14830409?
0
What is the units digit of 583671?
1
What is the tens digit of 323776?
7
What is the tens digit of 250975?
7
What is the ten thousands digit of 216961?
1
What is the units digit of 274485?
5
What is the thousands digit of 10672231?
2
What is the ten thousands digit of 555211?
5
What is the ten thousands digit of 397522?
9
What is the thousands digit of 109645?
9
What is the tens digit of 2030833?
3
What is the hundred thousands digit of 142654?
1
What is the tens digit of 12901611?
1
What is the hundreds digit of 654766?
7
What is the ten thousands digit of 10519564?
1
What is the thousands digit of 25656034?
6
What is the hundreds digit of 738805?
8
What is the ten thousands digit of 2785378?
8
What is the thousands digit of 9245047?
5
What is the millions digit of 4958450?
4
What is the hundreds digit of 101154?
1
What is the units digit of 8738059?
9
What is the hundred thousands digit of 4844583?
8
What is the units digit of 20526093?
3
What is the thousands digit of 15288899?
8
What is the millions digit of 3566027?
3
What is the thousands digit of 123138?
3
What is the thousands digit of 430113?
0
What is the millions digit of 1055153?
1
What is the units digit of 10733785?
5
What is the millions digit of 4063665?
4
What is the thousands digit of 4987087?
7
What is the ten millions digit of 25878083?
2
What is the hundreds digit of 329834?
8
What is the thousands digit of 1962868?
2
What is the tens digit of 3232580?
8
What is the thousands digit of 7941822?
1
What is the hundreds digit of 251629?
6
What is the units digit of 1108214?
4
What is the tens digit of 886835?
3
What is the tens digit of 216161?
6
What is the units digit of 7233312?
2
What is the tens digit of 2183024?
2
What is the millions digit of 5411116?
5
What is the tens digit of 334953?
5
What is the hundreds digit of 1196524?
5
What is the hundreds digit of 21310403?
4
What is the ten thousands digit of 549572?
4
What is the units digit of 236573?
3
What is the thousands digit of 2953054?
3
What is the thousands digit of 3195037?
5
What is the thousands digit of 395510?
5
What is the hundreds digit of 1462384?
3
What is the units digit of 1015630?
0
What is the tens digit of 3267216?
1
What is the units digit of 135563?
3
What is the tens digit of 273787?
8
What is the tens digit of 8783398?
9
What is the thousands digit of 2885419?
5
What is the units digit of 123382?
2
What is the units digit of 29422289?
9
What is the tens digit of 51406?
0
What is the millions digit of 3015712?
3
What is the hundreds digit of 5227513?
5
What is the hundred thousands digit of 715544?
7
What is the hundreds digit of 1892684?
6
What is the millions digit of 4072891?
4
What is t